3507 a prime number?
False
Is 443407 composite?
False
Is 9305 composite?
True
Is 395313 prime?
False
Is 5669 a prime number?
True
Is 11903 composite?
False
Is 127021 composite?
True
Is 1535 a prime number?
False
Is 24317 a composite number?
False
Is 923587 a prime number?
False
Is 17709 composite?
True
Is 21911 prime?
True
Is 6362 prime?
False
Is 104449 composite?
True
Is 11359 a prime number?
False
Is 445823 a prime number?
False
Is 4322 a composite number?
True
Is 30617 a composite number?
True
Is 122981 a composite number?
True
Is 1540859 prime?
True
Is 1291 a prime number?
True
Is 18787 composite?
False
Is 128431 a prime number?
True
Is 13841 prime?
True
Is 379273 a composite number?
False
Is 28361 composite?
True
Is 103951 a composite number?
False
Is 459023 a composite number?
False
Is 55519 a composite number?
True
Is 114143 composite?
False
Is 2719 composite?
False
Is 2299021 a composite number?
False
Is 1144139 prime?
True
Is 90061 a prime number?
False
Is 339 a composite number?
True
Is 6179 a composite number?
True
Is 21767 composite?
False
Is 13217 prime?
True
Is 81505 a prime number?
False
Is 18263 prime?
False
Is 23789 prime?
True
Is 9311 a prime number?
True
Is 736889 composite?
False
Is 48417 prime?
False
Is 7001 a composite number?
False
Is 1620055 composite?
True
Is 135043 composite?
False
Is 7789 a composite number?
False
Is 32933 a composite number?
False
Is 1855267 prime?
True
Is 1400911 prime?
False
Is 1709 a prime number?
True
Is 24233 a composite number?
True
Is 3223 composite?
True
Is 33179 a composite number?
False
Is 10921 a prime number?
False
Is 305143 a prime number?
True
Is 119429 prime?
True
Is 4883 prime?
False
Is 68647 composite?
True
Is 823777 composite?
False
Is 90929 a composite number?
True
Is 1357 prime?
False
Is 10029 prime?
False
Is 9569 prime?
False
Is 180599 a composite number?
True
Is 6709 prime?
True
Is 22259 composite?
False
Is 2839 prime?
False
Is 4637 prime?
True
Is 110459 prime?
True
Is 272117 composite?
True
Is 17213 composite?
True
Is 1747117 a prime number?
True
Is 32393 prime?
False
Is 170381 composite?
True
Is 2352839 prime?
False
Is 14251 composite?
False
Is 71693 composite?
False
Is 82111 a composite number?
True
Is 13393 a composite number?
True
Is 30359 a composite number?
True
Is 129742 prime?
False
Is 24607 prime?
False
Is 144239 prime?
False
Is 27139 a composite number?
True
Is 20477 composite?
False
Is 175611 composite?
True
Is 316261 a composite number?
True
Is 134033 a prime number?
True
Is 3017 composite?
True
Is 614923 a prime number?
False
Is 213673 a prime number?
False
Is 158 a composite number?
True
Is 63967 a prime number?
False
Is 74735 prime?
False
Is 34231 a composite number?
False
Is 796291 a composite number?
False
Is 138317 composite?
True
Is 41573 prime?
False
Is 686593 a prime number?
True
Is 831307 a composite number?
True
Is 313921 prime?
True
Is 405179 a prime number?
True
Is 224921 a composite number?
False
Is 222437 composite?
False
Is 23921 prime?
False
Is 816535 composite?
True
Is 245611 prime?
False
Is 116579 a prime number?
True
Is 1839 composite?
True
Is 384277 composite?
False
Is 113111 prime?
True
Is 155177 a composite number?
True
Is 358031 a prime number?
True
Is 219449 a composite number?
True
Is 153841 a prime number?
True
Is 23509 a prime number?
True
Is 389 composite?
False
Is 102811 a prime number?
True
Is 58 composite?
True
Is 412751 composite?
True
Is 17229 composite?
True
Is 26327 prime?
False
Is 5879 a composite number?
False
Is 439273 prime?
True
Is 232777 a composite number?
False
Is 12515 prime?
False
Is 2579 a prime number?
True
Is 2927 prime?
True
Is 84521 a composite number?
False
Is 4127 a prime number?
True
Is 2506015 composite?
True
Is 16207 a composite number?
True
Is 76909 prime?
False
Is 38723 a prime number?
True
Is 30145 a composite number?
True
Is 13751 composite?
False
Is 38299 a composite number?
False
Is 123653 a composite number?
False
Is 719 a prime number?
True
Is 30293 a composite number?
False
Is 22511 composite?
False
Is 425813 composite?
False
Is 468971 composite?
True
Is 133159 prime?
False
Is 317467 a prime number?
False
Is 334537 prime?
False
Is 823913 a composite number?
False
Is 4997 a composite number?
True
Is 5539 a prime number?
False
Is 982489 prime?
True
Is 4183 composite?
True
Is 1527347 prime?
True
Is 7993 composite?
False
Is 79347 prime?
False
Is 187163 a composite number?
False
Is 34939 composite?
False
Is 25613 prime?
False
Is 34169 composite?
True
Is 24899 prime?
False
Is 16057 a prime number?
True
Is 303997 a prime number?
True
Is 45481 composite?
False
Is 529 composite?
True
Is 75713 a prime number?
False
Is 540479 a prime number?
False
Is 6067 prime?
True
Is 1275987 prime?
False
Is 11863 a prime number?
True
Is 5033 a composite number?
True
Is 2731 composite?
False
Is 111577 a prime number?
True
Is 446 a composite number?
True
Is 3386 a composite number?
True
Is 267401 prime?
True
Is 29527 prime?
True
Is 3155 a composite number?
True
Is 4343181 prime?
False
Is 632771 a composite number?
True
Is 1607917 composite?
True
Is 305741 a prime number?
True
Is 342911 prime?
False
Is 359767 prime?
True
Is 1957013 a composite number?
False
Is 37087 a prime number?
True
Is 1077 prime?
False
Is 112027 a composite number?
True
Is 2329 a prime number?
False
Is 2631659 composite?
True
Is 8353 a composite number?
False
Is 233069 composite?
False
Is 79531 prime?
True
Is 9533 a prime number?
True
Is 1637 prime?
True
Is 277 prime?
True
Is 20051 a composite number?
False
Is 761561 a prime number?
True
Is 302599 a prime number?
False
Is 566871 composite?
True
Is 12659 a prime number?
True
Is 3097 composite?
True
Is 52433 composite?
False
Is 85361 a composite number?
False
Is 149129 a composite number?
True
Is 13885 composite?
True
Is 212929 composite?
True
Is 3506 a composite number?
True
Is 2861347 a composite number?
False
Is 460909 a prime number?
False
Is 24391 a prime number?
True
Is 217769 a prime number?
False
Is 3611 prime?
False
Is 566741 a prime number?
False
Is 68351 a composite number?
False
Is 27187 composite?
True
Is 589903 prime?
True
Is 3140179 a prime number?
False
Is 300851 composite?
False
Is 2326717 a prime number?
True
Is 9643 a composite number?
False
Is 3587 prime?
False
Is 7499 a prime number?
True
Is 4857 composite?
True
Is 1745917 composite?
True
Is 13093 composite?
False
Is 3947 prime?
True
Is 31547 prime?
True
Is 19567 prime?
False
Is 10289 a composite number?
False
Is 132491 composite?
False
Is 3927278 a prime number?
False
Is 106 a prime number?
False
Is 3013 a composite number?
True
Is 22693 composite?
True
Is 13259 a composite number?
False
Is 283369 a composite number?
False
Is 4169 composite?
True
Is 98773 composite?
False
Is 11513 composite?
True
Is 237929 a composite number?
False
Is 2360063 composite?
True
Is 65101 prime?
True
Is 1475797 a prime number?
True
Is 400381 composite?
False
Is 4717 prime?
False
Is 2317 a prime number?
False
Is 2203 a composite number?
False
Is 145627 a composite number?
True
Is 23497 a composite number?
False
Is 10699 prime?
False
Is 19733 prime?
False
Is 214387 prime?
False
Is 1600337 prime?
True
Is 12799 composite?
False
Is 284917 a prime number?
True
Is 18697 a prime number?
False
Is 88553 a prime number?
False
Is 16869 a prime number?
False
Is 2410313 composite?
False
Is 122753 a composite number?
False
Is 34057 a prime number?
True
Is 10427 prime?
True
Is 10967 a composite number?
True
Is 9181 composite?
False
Is 1687 a prime number?
False
Is 318229 a composite number?
False
Is 1408399 composite?
True
Is 184201 a prime number?
False
Is 1041421 a prime number?
True
Is 121003 composite?
True
Is 979939 a composite number?
True
Is 855371 a prime number?
False
Is 14635 prime?
False
Is 199759 prime?
False
Is 14533 a composite number?
False
Is 1499011 a prime number?
True
Is 81439 a prime number?
True
Is 34835 composite?
True
Is 1547695 a composite number?
True
Is 13301 a prime number?
False
Is 10427 a prime number?
True
Is 12793 prime?
False
Is 18197 a composite number?
True
Is 16495 prime?
False
Is 7153 prime?
False
Is 211711 a prime number?
True
Is 11311 a prime number?
True
Is 43765 a prime number?
False
Is 728407 prime?
False
Is 75817 prime?
False
Is